 i - 9, -2*a - 66 = -3*i - a. Suppose 5*p + 15 = 2*o, -o - o + 3*p + i = 0. Is o a prime number?
False
Suppose p = 4*p + 9, 0 = -5*n + 4*p - 413. Let v = 164 + n. Is v a composite number?
False
Suppose -4*k + 8 = 0, -3*z + 5813 = -5*k - 6324. Is z a prime number?
True
Suppose 3*y = -5*h + 352, y - 3*h + 473 = 5*y. Suppose -y - 154 = -3*v. Is v prime?
False
Suppose 6*y - 18664 - 26234 = 0. Is y prime?
False
Let t = -102 + 471. Suppose -13 = 2*w - t. Suppose 0 = -2*d + 4*n + 82, 3*d - w = -n - 27. Is d prime?
False
Let g(m) = m + 5. Let z be g(-12). Let w = z + 11. Suppose 0 = -w*o + 2*o + 20. Is o a composite number?
True
Is (-5)/(-20)*134*4 prime?
False
Let v be (-6)/(-33) - 20/(-11). Let b be v/8 + (-83)/(-4). Suppose -5*l + 3*s + s = -59, s - b = -2*l. Is l prime?
True
Let x(z) = 172*z**2 + z + 1. Is x(2) a composite number?
False
Let d(a) = 2*a - 3*a + a**2 + a + 1. Let v be d(1). Suppose 3*j - v*j = 9. Is j a composite number?
True
Let f be ((-38)/1)/(-2) + 2. Let d = f + -14. Is d a prime number?
True
Let w = -79 - -178. Suppose -d = -4*d + w. Is d a composite number?
True
Let a = 4 - 5. Let j be (1 - a)*10/4. Suppose -73 = -j*k - 4*x, k - 4*x + 21 = 2*k. Is k prime?
True
Let k(o) = 6*o**2 - 5*o - 5. Let q be k(-5). Let h = 367 + q. Let s = h - 320. Is s a composite number?
True
Is ((-13849)/(-33))/((12/9)/4) composite?
False
Let d be ((-7)/(-2))/(2/52). Let f = d - -54. Is f a composite number?
True
Let i be (-24)/3*(-1)/2. Suppose i*q - 5*q = -4. Suppose -q*h + 2*h = -30. Is h prime?
False
Suppose -3*n + 5*b = -0 + 14, 0 = -b + 1. Let g be 6/((-3)/99*n). Suppose -2*h = -5*q - 49 - 9, 0 = 2*h - q - g. Is h composite?
True
Let m be -2*-9*1/2. Let i(d) be the second derivative of 7*d**3/3 - 7*d**2/2 + d. Is i(m) a composite number?
True
Let k = -4 + 5. Is ((-2)/k - -1) + 36 a prime number?
False
Let u(b) = b**3 + 2*b**2 - 3*b - 3. Let d be u(-3). Is (-3 + -73 + d)*-1 a composite number?
False
Let q(z) be the second derivative of -z**5/10 - 3*z**4/4 + z**3 + 4*z**2 + 4*z. Is q(-7) a composite number?
False
Let s be (-2)/2 + 1 + 4. Suppose 0 = -s*r - 16 + 52. Suppose -v + 1 + r = 0. Is v a prime number?
False
Suppose 12*x = 70734 - 9162. Is x a composite number?
True
Suppose -4*m + t + 29 = -3*m, 0 = -3*m + t + 93. Suppose -4 = 4*g - m. Is g a composite number?
False
Let k be -1*(0 + -2)/2. Let g be -1 + (k - (1 - 0)). Let p = g - -11. Is p prime?
False
Let r(v) = v + 53. Let d(l) = l - 5. Let b be d(5). Is r(b) a prime number?
True
Let s(c) = 3*c**3 - 6*c**2 + c + 15. Is s(7) composite?
False
Let t be (0 + 2/(-4))*-2. Let i(f) = 105*f**2 + 1. Let h be i(t). Let v = 49 + h. Is v a prime number?
False
Suppose -6*l = -13*l + 6223. Is l prime?
False
Is ((-10)/15)/(2/(-417)) prime?
True
Suppose -l = -0*l + 18. Is 56/9 + 4/l a composite number?
True
Suppose -6*x + 2523 = -3*x. Is x a composite number?
True
Let h(i) = -i**3 + i**2 + i + 1. Let g be h(-1). Is g/8 + (-1046)/(-8) a prime number?
True
Suppose -2*m + f + 2242 = -3*f, 5*m - 4*f = 5593. Is m prime?
True
Let o(d) = -d - 8. Let z be o(-9). Suppose 2*i = i - z. Let m(u) = -38*u**3 - u**2 - u - 1. Is m(i) prime?
True
Let u(d) = 3*d**2 - 4*d + 1. Is u(6) a prime number?
False
Let v(g) = -4*g + 0*g**3 - 2 - 3 - 4*g**2 - g**3. Is v(-4) a prime number?
True
Let i(a) = 39*a + 29. Is i(4) composite?
True
Let l = 77 - 52. Let h = 0 + 2. Suppose 0 = -3*i - 3, 6*x = h*x - 3*i + l. Is x a composite number?
False
Is 199/4 + 6/(-8) a prime number?
False
Is 6 + (0 - 2) + 2 a prime number?
False
Let i be (3 + -5)/(0 + 1). Is (-3 + -1)/i + 5 prime?
True
Is -1 - -1 - (-1814)/2 a prime number?
True
Let j be (1 + -3)*-2 - 2. Suppose -5*i - 3*b + 1890 = 0, 2*b - 742 = -j*i - 2*b. Is i prime?
False
Suppose -f - 381 = -r, -5*f + f + 1164 = 3*r. Suppose r = 3*o + 3. Is o a prime number?
True
Is 2/6 - 828/(-27) a composite number?
False
Suppose 0 = 3*a + 127 - 1300. Is a a composite number?
True
Let m be 6/15 - 4/10. Suppose 5*v = 25, 2*p + v + 60 - 159 = m. Is p prime?
True
Let h(f) = -8*f**3 - 2*f**2 - 2*f - 1. Suppose 3 - 7 = 4*y. Let m be h(y). Let k = m - 0. Is k composite?
False
Suppose 0 = 2*w + 3*a - 473, 710 = -0*w + 3*w + 5*a. Is w a prime number?
False
Let j = 55 - -102. Is j prime?
True
Suppose z + 49 = t, -5*z + 160 = 5*t - 55. Is t a composite number?
True
Let b(h) = -192*h + 7. Let o be b(4). Let q = -434 - o. Is q a prime number?
False
Let q(l) be the first derivative of l**3/3 - 3*l**2/2 - 6*l + 3. Let g be q(5). Let k(f) = 6*f - 2. Is k(g) a prime number?
False
Suppose 3*v - 5*h = 11, 4*v = -0*v - 4*h + 4. Let b(l) = 24*l - 1. Is b(v) a composite number?
False
Suppose 2*p - 211 = k - 2*k, 0 = 2*k - p - 397. Is k a prime number?
False
Suppose 2*s - 44 = -2*u, -s - 60 = -2*u + s. Let k be (1 - u/(-4))*14. Suppose -2*f = 3*f - k. Is f a composite number?
True
Let i be (-2)/(-5) + 92/20. Suppose 0 = -i*k - 4 + 24. Suppose 3 = k*m - 13. Is m prime?
False
Let u(q) = 2*q**2 - 2*q - 25. Is u(-17) prime?
True
Let h be 0 - (-17 - -3)/(-2). Is -4*(h/2 + 0) a composite number?
True
Suppose z + 5*m = 20, -5*z - 2*m + 8 = -0*m. Suppose z = -5*k + 25, k - 5 = 2*o - 4*k. Is ((-54)/o + 1)*-5 a composite number?
True
Suppose 4*k - 2*k = 926. Let y = k - 117. Is y composite?
True
Is (1236/(-15))/(2/(-5)) prime?
False
Let s(k) = k**3 - 2*k. Let z be s(2). Suppose -484 = -z*b - 96. Is b composite?
False
Let o = 1 + 2. Suppose 3*b - 5 = 10, -2*b - 29 = -o*j. Is j prime?
True
Suppose 5*c + 2 = 2*s - 6, -3*s + 54 = 3*c. Let u be (-10)/(-35) - (-38)/s. Suppose 2*p = -u*y + 167, -4*y + 186 = 4*p - 42. Is y composite?
False
Suppose 0 = 9*w - 7*w + 318. Is ((-4)/(-6))/((-2)/w) prime?
True
Suppose 2*j - y = 731, -5*j + 1827 = -0*j - 3*y. Let o = -99 + j. Is o composite?
True
Suppose 5*z - 173 = 3*o + 115, o = -5*z + 284. Is z a prime number?
False
Suppose 0 = -o + 431 - 12. Is o prime?
True
Let u = -1639 + 4232. Let z = u + -1538. Is z a prime number?
False
Is ((-470)/(-8))/((-2)/(-8)) a prime number?
False
Suppose 51 = 3*b - 30. Let r = b - 115. Is (-3 - r - 2)/1 prime?
True
Suppose 36 = -a + 5*k, -8*k - 108 = 3*a - 3*k. Let w = a + 103. Is w a prime number?
True
Let k = 138 - -113. Is k a composite number?
False
Let k be (2 - 4) + (-1)/1. Let r = 26 + k. Is r prime?
True
Let r(i) = -i**3 - 6*i**2 - 7*i - 7. Let f(g) = -g - 12. Let t be f(-7). Let c be r(t). Suppose 0 = c*u - 3*s - 60, 0 = 4*u - 8*s + 3*s - 81. Is u prime?
True
Let j = 326 - 117. Is j prime?
False
Let a = -45 + 74. Let b = a - 10. Is b composite?
False
Let r(f) = -9*f**2 + f + 1. Let v be r(-2). Let m = v + 22. Let b = m - -21. Is b a composite number?
True
Let h = 35 - -8. Is h a prime number?
True
Suppose -13 + 5 = -2*m. Let x be 1180/44 - 4/(-22). Suppose x = b - 4*o, 28 = b - m*o - o. Is b composite?
False
Suppose -1530 = -0*p - 6*p. Suppose 2*d - 3*y - 174 = -2*y, 3*y + p = 3*d. Is d a prime number?
True
Suppose 9 + 16 = 5*c. Suppose -c*r + 5*b - b = -342, -r + 72 = -2*b. Suppose v - r = -v. Is v a prime number?
False
Let j(o) = 4*o - 3. Let r be j(10). Suppose -s - 2 = -3*s. Is (-1)/(-2)*(r + s) a prime number?
True
Is 214/4*(-364)/(-26) a prime number?
False
Let k be 4/18 + 266/18. Let m be -2*(k/(-6) + 2). Is 62/(m/(-2)*-4) prime?
True
Let b(c) = -2*c - 5*c + 4*c. Let y be b(-1). Suppose -10 - 2 = -y*v. Is v prime?
False
Suppose -y = 3*m - 8, -5*y = -4*m + 3*m - 8. Is (m/(-6))/(3/(-1089)) a composite number?
True
Let t be (-9706)/(-14) - (-4)/(-14). Let w = t + -428. Is w prime?
False
Let s(l) = 155*l**3 + 3*l**2 - 2*l + 7. Is s(3) a prime number?
False
Let k = -11 - -15. Let t(b) = -b**2 + 10*b - 5. Is t(k) a composite number?
False
Let n be ((-1)/(-2))/((-2)/(-524)). Suppose -4*r - 591 + n = -4*s, -5*r + 15 = 0. Is s composite?
True
Let g(u) = 10*u**2 - 6*u + 19. Is g(15) prime?
True
Let j be 212/(-7) + (-4)/(-14). Let m be ((-2)/4)/(8/(-32)). Is m - (3/(-3) + j) composite?
True
Let z = -9 + 13. Suppose q + 16 = z*s, s = 4*s - 5*q - 12. Suppose -d - 201 = -4*v - 6*d, -s = -4*d. Is v prime?
False
Suppose 3*a = -2*a. Let c(d) = -d - 15. Let q be c(a). Let g = q + 52. Is g composite?
False
Let d = 0 - 2. Let t(s) = -425*s + 1. Let l be t(d). Suppose 5*i + 4*f = 2085, 0 = -2*i - 4*f - f + l. Is i composite?
True
Suppose -4*a - 3*m = -75 - 386, -2